Let z = a - 47. Let k = 26 - 16. What is the highest common factor of k and z?
10
Let f = -3975 - -4115. Calculate the greatest common divisor of f and 21.
7
Suppose 90*i + 415 - 2558 - 917 = 0. What is the highest common factor of 1241 and i?
17
Let w be (-348 - -3)*7/5*(-16)/28. Calculate the highest common divisor of 5152 and w.
92
Let q(m) = m**3 + m**2 - 2*m - 157. Let v be q(0). Let r = v + 247. Suppose w - 147 = -w + a, -w - 5*a + r = 0. Calculate the highest common factor of 15 and w.
15
Let w(a) = 747*a + 2026. Let m be w(34). Calculate the highest common factor of 32 and m.
32
Suppose -2*t - 34 = -2*h, 14*t = -5*h + 12*t + 57. What is the highest common factor of 5 and h?
1
Let c = 15541 - 9395. What is the greatest common factor of c and 14?
14
Let m(s) = s**2 + 22*s - 313. Let b be m(16). Calculate the highest common factor of 767 and b.
59
Suppose 2295*s - 2299*s = -o - 83, 4*o + 92 = 4*s. Calculate the greatest common factor of s and 10460.
20
Suppose 34*b = -44*b + 59565 - 4107. Calculate the greatest common divisor of 117 and b.
9
Let z = 296 - 278. Let l be z*((-6)/(-9) + 15/18). Let n(v) = -5*v + 9. Let d be n(-9). What is the highest common divisor of l and d?
27
Let o(k) be the third derivative of k**6/60 - 83*k**5/60 - 7*k**4/4 + 3*k**3/2 - 76*k**2. Let y be o(42). What is the greatest common factor of 51 and y?
3
Suppose -3*b = -3*f + 21, f + 5 = -2*b - 6. Let l be 15/3*22/b*-9. Let d(j) = -2*j + 32. Let i be d(-17). Calculate the highest common factor of l and i.
33
Let l = 2 + 0. Let z = -19 - l. Let t be z/6*10*4/(-1). What is the highest common factor of 20 and t?
20
Let f = 464 - 459. Suppose 25 = 2*h - 5*u, -3*h + 51 = f*u - 8*u. What is the greatest common divisor of 100 and h?
20
Let k = -62464 - -62548. Let n(r) = -4*r + 5. Let c(w) = -2*w**2 - 2*w. Let u be c(-2). Let h be n(u). What is the highest common factor of h and k?
21
Let n(g) = -g + 10. Let t be n(6). Suppose 0 = t*j - 0*j + 12. Let a be j + (-66)/(-3) + 3. Calculate the greatest common factor of a and 154.
22
Suppose 0 = -3*g + 6*g - 6. Suppose -66 = -5*o + g*k, 5*o = -0*o - 4*k + 48. Suppose o*p = 93 + 3. What is the greatest common factor of p and 32?
8
Suppose 12*i + 2*i - 42 = 0. Calculate the greatest common factor of i and 95.
1
Let x = -2562 - -2694. Calculate the highest common factor of 1287 and x.
33
Suppose -o - 3 - 69 = 0. Let v = 72 + o. Suppose v*m = -j + 2*m + 34, j - 4*m = 28. Calculate the greatest common divisor of j and 8.
8
Suppose -2*p - 10*c + 756 = -14*c, 2*c = -p + 362. Let h be 2*(-3)/(-6)*74. What is the greatest common divisor of p and h?
74
Let w be -5*(-12)/(-30) + (5 - 4) - -653. Calculate the greatest common factor of w and 8.
4
Suppose -33 = 10*d + 51 - 3444. What is the greatest common divisor of 19320 and d?
168
Let w = 1246 + -1245. Let k(a) = -a**2 + 5*a - 2. Let m be k(3). Let q(f) = -f + 5. Let p be q(m). Calculate the greatest common factor of w and p.
1
Suppose l - 2*f + 32 = 0, -9*f + 11*f - 200 = 5*l. Let c be (-2 - l/(-5))/(127/(-635)). Let s = -101 + 179. What is the highest common factor of c and s?
26
Suppose 3*t - 1120 = 37*q - 32*q, -4*t - 6*q + 1430 = 0. What is the highest common divisor of t and 40?
5
Let w = 11477 + -11459. What is the greatest common factor of w and 4284?
18
Suppose 0*r + 84 = 5*r - 3*m, 3*r - 36 = -3*m. Let o = 54103 + -53983. Calculate the greatest common factor of o and r.
15
Let n be 0/(0 + (1 - 3)). Suppose 0 = 23*l - 1039 + 970. Suppose 4*b = t + 137, -l*b = 2*t - n*t - 111. Calculate the highest common factor of 5 and b.
5
Let c be (-12)/(-21) + (-54240)/56. Let p = -935 - c. Calculate the highest common factor of 77 and p.
11
Let v be (418/11)/(4/12). Suppose 7*j - 2*o - 392 = -111, -3*j = -3*o - v. Calculate the highest common factor of j and 287.
41
Let s(j) = 55*j**2 + j - 15. Let u be s(4). Suppose 217 = z - t, 5*t + u = 4*z - 0*z. What is the greatest common factor of 8 and z?
8
Suppose -c - 50 = -6*c. Suppose 5*o + 2*s = 9*o - 28, 0 = 5*s - c. Calculate the highest common divisor of 152 and o.
8
Suppose 4*m = -279 + 271. Let c be 18/(m + 315/153). Calculate the highest common divisor of 36 and c.
18
Let q be (4/5)/(6/375). Let l be (-18888)/(-84) + 9/63. What is the highest common factor of l and q?
25
Let i be -21*6/(-42) - 1*282. Let r = i + 450. Calculate the greatest common factor of r and 9.
9
Let v(u) = 13015*u - 26025. Let x be v(2). Let n(b) = -20*b. Let t be n(-2). Calculate the highest common factor of t and x.
5
Let n(k) = -5*k + 17. Let x be n(4). Let q be x/1*(-2002)/21. What is the highest common factor of 22 and q?
22
Let q be 18*(-20)/(-300)*220/6. What is the highest common divisor of q and 2134?
22
Let c(a) be the first derivative of a**3/3 - 6*a**2 - 68*a + 71. Let f be c(18). Calculate the highest common factor of 30 and f.
10
Let s(b) = -b**3 + 18*b**2 - 52*b + 1373. Let m be s(19). Calculate the greatest common factor of m and 102.
6
Let l be ((-56)/24)/((-2)/(-6)). Let b be -6*(-5 - l)*(-12)/9. What is the highest common divisor of b and 176?
16
Let n(o) = 883*o + 5978. Let k be n(-6). Calculate the greatest common factor of 3910 and k.
170
Let f be ((48/9)/4)/(2/3). Suppose 200 = 5*x + 5*u, 0*x + x - 40 = f*u. Suppose 8*o + 2*o = x. Calculate the highest common divisor of o and 18.
2
Let h = -4098 - -4103. What is the highest common divisor of h and 1845?
5
Let l = -7927 - -8063. Calculate the greatest common divisor of l and 952.
136
Let u(q) = -q + 38. Let a be u(11). Let n(i) = -i**2 - 14*i - 8. Let h be n(-13). Suppose 0 = -0*j - h*j + 1215. What is the greatest common factor of j and a?
27
Suppose -2*g + 8*b + 1848 = 7*b, 4620 = 5*g - 2*b. Calculate the greatest common divisor of g and 24.
12
Let a = -149 + 153. Suppose m = -4*k + 33, 5*m + a*k = m + 108. Let j = -1 - -76. Calculate the greatest common factor of j and m.
25
Let t be (-12)/(-24) + 190/(-12)*-9. Calculate the highest common factor of t and 832.
13
Suppose 31*f - 84 = 3*f. Suppose 834 + 534 = f*m. Calculate the highest common factor of 24 and m.
24
Suppose 5*s = -4*g - 61, -2*s - 9 = 2*g + 15. Let l be (-112)/(-728) + (-154)/s. What is the highest common factor of 24 and l?
12
Let h = -15 - -20. Suppose -65 = -5*v + h*x, -2*v - 5*x + x + 20 = 0. Let i = -28 + 34. Calculate the highest common factor of i and v.
6
Suppose -205*p + 807664 + 938063 - 510807 = 0. What is the highest common divisor of p and 24?
24
Let a(w) = 610*w + 4294. Let s be a(-7). Let g be 2/(-10) + (-1362)/(-10). What is the greatest common divisor of s and g?
8
Let d be 52 + -51 - (0 - 27). Suppose -1183 = 21*k - d*k. Suppose 2*a = a + 13. Calculate the highest common divisor of a and k.
13
Let d(n) = -n**3 - 35*n**2 + 238*n - 316. Let g be d(-41). Calculate the highest common factor of g and 618.
6
Let s be 12*(-10 + (166 - 7)). What is the greatest common divisor of s and 12?
12
Suppose 16 = -11*f + 181. Suppose -24*i + 396 = -f*i. Calculate the greatest common factor of 176 and i.
44
Let c(z) be the second derivative of -z**4/12 - 13*z**3/6 - 9*z**2 + 27*z. Let y = -40 - -36. Let n be c(y). What is the highest common divisor of 162 and n?
18
Suppose -103 = -5*b + 2*b - 10. Let g = -14 + 55. Suppose -8*t = -b - g. Calculate the highest common factor of t and 45.
9
Let m(n) = 2*n**2 - 33*n - 12. Let u be m(17). Suppose -b + u*y = 17, 7*b = 10*b + 5*y - 49. Calculate the greatest common factor of b and 128.
8
Let b(l) = -l**2 + 23*l + 7. Let t = 22 + 4. Let k be b(t). Let w = 108 + k. What is the greatest common factor of w and 111?
37
Let u be (1 - (10 + 2 + -5))/((-6)/16). What is the greatest common factor of 6360 and u?
8
Let i(x) = -x**3 + 30*x**2 - 11*x - 493. Let s be i(29). Calculate the highest common divisor of s and 69.
1
Suppose 98 = y + 105, -2*y = 5*d - 466. Calculate the greatest common factor of 32448 and d.
96
Suppose 5*m - 123 = 207. Let n = 23731 - 23621. Calculate the greatest common divisor of m and n.
22
Let o be -19 - (-2)/8*-20. Let p = 16 - o. Calculate the greatest common factor of p and 8.
8
Let o(c) = 4*c**2 + 18*c. Suppose 28*z = 23*z + 20. Let i be o(z). What is the highest common divisor of i and 34?
34
Suppose -32*x - 64*x + 2304 = 0. Calculate the highest common divisor